ded by (h - 30)*(-3)/6.
11
Let s(o) = -o**3 - 7*o**2 + 5*o + 17. Let u be s(-7). What is the remainder when 143 is divided by ((48/(-9))/4 - 0)*u?
23
Let a = 99 - 9. Calculate the remainder when a is divided by (-6)/(-10) + (-152)/(-5).
28
Let h(f) be the first derivative of f**4/4 - 4*f**3/3 - 7*f**2/2 + 3*f + 13. Calculate the remainder when h(6) is divided by 12.
9
Let s be (-1)/(-2)*(2 + 20). Suppose 12*a - 48 = s*a. Suppose -n + 19 = -g, 5*n + 4*g + 0*g = 77. Calculate the remainder when a is divided by n.
14
Let b be (-195 + -15)*(-2)/4. Let v = -518 + b. Let x = -270 - v. Calculate the remainder when x is divided by 29.
27
Let x(j) = -3*j**2 + 239*j - 152. What is the remainder when 144 is divided by x(79)?
0
Let d(p) = -p**2 - 17*p. Suppose 3*y - 2*a + 21 = 0, 3*a + 0 = y + 7. Calculate the remainder when d(y) is divided by 12.
10
Let b(g) = -g**2 + 18*g + 98. Calculate the remainder when 866 is divided by b(19).
76
Let v(p) = 10*p - 85. Calculate the remainder when v(13) is divided by 6.
3
What is the remainder when 2414/(-16)*-1 + 14/112 is divided by 88?
63
Suppose -l + 8 = -0*p + p, 0 = 3*l - p - 4. Suppose l*h - 13 = -2*f - 0*h, h = f - 19. Calculate the remainder when (-9)/5*(-45)/3 is divided by f.
13
Suppose -47*p = -36*p - 6446. What is the remainder when p is divided by 31?
28
Let v(f) = f**2 - 16*f + 41. Calculate the remainder when 113 is divided by v(14).
9
Calculate the remainder when 241 is divided by (66 - 2) + (8 - -4)/(-4).
58
Let d = -17 - -48. Let j = 16 - -12. Let v = j - 12. Calculate the remainder when d is divided by v.
15
Suppose -5*m - 25 + 440 = 0. Suppose 2*v - 7*v + 120 = 5*g, 4*v + 102 = 5*g. What is the remainder when m is divided by g?
17
Let g(a) = -29*a + 237. Calculate the remainder when g(-19) is divided by 12.
8
Suppose -4*h - 46*c + 53 = -49*c, -5*h + 3*c + 67 = 0. What is the remainder when 1 + -1 - (-162)/2 is divided by h?
11
Let v(a) = a**2 - 2*a**2 + 3*a**3 - 2 - 5*a**2 + 3*a. What is the remainder when 64 is divided by v(3)?
30
Suppose 4*u - 12 = 0, 3*f + 2*u - 66 = -0*u. What is the remainder when 46 is divided by f?
6
Suppose -5*m = 4*p - 34, 20 = -9*p + 4*p. Suppose -4*h + 4*t = -30 - m, -15 = -2*h + t. Calculate the remainder when (0 + -1 - -17) + 2 is divided by h.
3
Suppose -2*r = -11*r + 738. Let a = r + -39. Calculate the remainder when a is divided by 15.
13
Let y = 15 - 18. What is the remainder when 11 is divided by 2/6 - 20/y?
4
Let o(h) = -h**3 + 11*h**2 - 16*h - 18. Let p be o(9). Suppose -12 = -p*r - 3*r. What is the remainder when 5 is divided by r?
1
Let j(v) = v - 4. Suppose 7*c - 6*c = 3. Let m be j(c). Calculate the remainder when (-31)/(-2 - (0 + m)) is divided by 16.
15
Let x be (-2 - 8/(-4)) + 0. Let f = -4 - -10. Suppose -3*g + f*g - 9 = x. Calculate the remainder when 10 is divided by g.
1
Let k(d) = 6*d + 5. Let u be k(8). Suppose -u = -3*g + 106. What is the remainder when g is divided by 11?
9
Let d = 96 + -27. Suppose d = 4*a - 223. What is the remainder when a is divided by 19?
16
Let u = 3885 - 3873. Let d = -204 - -130. Let f = d - -121. Calculate the remainder when f is divided by u.
11
Let r be (-90)/(-12)*2/(-3). Let z(l) = l**3 + l - 1. What is the remainder when (2 + (-18)/15)/((-2)/r) is divided by z(1)?
0
Let c(a) = -3*a**2 - 143*a - 66. Calculate the remainder when c(-47) is divided by (-3 + -1)*(-6)/3.
4
Suppose 2*s + 175 = 7*s. Suppose 2*y = -y - 4*i - 2, -2*i = 2*y - 2. Calculate the remainder when s is divided by y.
5
Suppose 3*f - 9 - 9 = 0. Suppose 375 = 25*c - 0*c. Calculate the remainder when c is divided by f.
3
What is the remainder when 117 is divided by (1 + 27 + -2)*(-145 + 146)?
13
Suppose -90 = 10*f - 7*f. What is the remainder when 17/1*f/(-6) is divided by 29?
27
Let n = 4285 + -4253. Let d = 239 - 114. What is the remainder when d is divided by n?
29
What is the remainder when (2 + 0)/((-44)/(-15378)) is divided by 28?
27
Let w(y) = y**2 + 7*y + 10. Let q(x) = x**2 + 11*x - 4. Let o be q(-11). What is the remainder when w(6) is divided by (46/(o - -2))/(-1)?
19
Let q = -1989 - -2058. Calculate the remainder when q is divided by 6.
3
Let c(h) be the second derivative of h**4/12 + h**3/6 - 12*h**2 - 6*h. What is the remainder when 37 is divided by c(-7)?
1
Let w(s) = -s**2 - 19*s - 15. Let g = 27 + -8. What is the remainder when w(-10) is divided by g?
18
Let s = -20 + 36. Suppose 2*a + 5 = -3. Calculate the remainder when s is divided by (2 - (-14)/a)*-4.
4
Suppose 3*f - o = 4, 3*f - 2*o = -5*o + 12. Let z(n) = n**3 + 3*n**2 - n + 2. What is the remainder when (31/f)/(10/20) is divided by z(-2)?
7
What is the remainder when ((-94)/(-141))/(-3*(-2)/1197) is divided by 27?
25
Suppose -177 = -4*r - 161. Calculate the remainder when 25 is divided by r.
1
Let d = 72 - 70. Suppose 5 = -d*l + 31. Calculate the remainder when l is divided by 5.
3
Let w = 261 - 153. What is the remainder when w is divided by 29?
21
Let o = -737 - -758. Calculate the remainder when 143 is divided by o.
17
Calculate the remainder when (199/(-3))/((-9)/((-378)/(-7))) is divided by 102.
92
Suppose -25 = -7*g + 3. Suppose 2 = y - 2*d + d, 4*d = g. What is the remainder when 4 is divided by y?
1
Suppose -4*a + 60 = -4*w, -5*a + 54 + 19 = -3*w. Suppose -2*k = -40 + a. Calculate the remainder when 51 is divided by k.
12
Let i be (-3)/(-5) - 1312/20. Let h = -49 - i. What is the remainder when 45 is divided by h?
13
Suppose -180 = -14*p + 8*p. What is the remainder when 147 is divided by p?
27
Let m(t) = -36*t + 262. Let y = -47 + 71. What is the remainder when m(6) is divided by y?
22
Suppose -2*j + 9 + 13 = 0. Suppose 5*q - 2*q - 1 = -5*y, 5*q = y - 17. Suppose -y*u + j = -13. Calculate the remainder when 45 is divided by u.
9
Let g(z) = 7*z**2 + 4*z - 11. Let f = 4 + -12. Let j be g(f). What is the remainder when 46 is divided by j/35 + 6/14?
10
Suppose 5*o = 4*f - 96, -4*f + 2*o + 106 = 10. Calculate the remainder when 209 is divided by f.
17
Let l be (-12)/(-4) + 5 + 0. Suppose l*b = 7*b + 4. Suppose -2*d = b - 32. Calculate the remainder when 25 is divided by d.
11
Suppose 0 = -33*p + 13*p + 280. What is the remainder when 41 is divided by p?
13
Suppose 4*k + 3 = -m, -m + 2*k = -k + 3. Let b(i) = -5*i - 1. What is the remainder when ((-27)/15 + 1)/(12/(-390)) is divided by b(m)?
12
Suppose 0 = 3*o - o + 10. Let x be (18/30)/((-1)/o). Suppose 57 = -2*y + x*y. Calculate the remainder when y is divided by 15.
12
Suppose 0*f - 48 = -3*i + 4*f, -i - 4*f = -32. Let h(z) = z**2 + 21*z + 5. Let y be h(-17). What is the remainder when (-2 + y)*(-6)/10 is divided by i?
19
Suppose 0 = 6*u + 22 - 124. Calculate the remainder when u is divided by 5*((-6)/(-5) - (-1)/(-5)).
2
Let o(y) be the second derivative of y**5/20 - 5*y**4/3 + 8*y**3/3 - 13*y**2 + 14*y. Calculate the remainder when o(20) is divided by 37.
35
Let t = 439 + -421. Calculate the remainder when 89 is divided by t.
17
Calculate the remainder when ((-2519)/66)/((-2)/12) is divided by 9.
4
Let x = 2504 + -2094. What is the remainder when x is divided by 46?
42
Let w(f) = 5*f**2 + 6*f + 1. Suppose c - 16 = 3*v, 0 = 2*v - 0*c + 2*c. Let u be w(v). Suppose -a = 2*a - u. Calculate the remainder when 36 is divided by a.
17
Suppose 5*g - 5*f = -5, 3*g = -f - 15 - 0. Let j = g - -17. Calculate the remainder when 24 is divided by j.
11
Suppose -287 = -4*y + 3*u, y - 3*u - u = 88. Calculate the remainder when 78 is divided by y.
10
Let s(p) = 4*p**3 - 48*p**2 + 11*p - 13. Calculate the remainder when s(12) is divided by 15.
14
Let i(j) = 4*j + 8. Let h be i(1). Let v = -2 - -6. Let q = h - v. What is the remainder when 22 is divided by q?
6
Let f = 151 + -104. What is the remainder when f is divided by -4*(-26)/24*3?
8
Let o(j) = -40*j + 160. Calculate the remainder when o(-9) is divided by 29.
27
Let z(f) = -f**3 - 3*f**2 + 41*f + 6. Let w be z(-8). What is the remainder when 81 is divided by (-6*(4 + w))/(4/(-14))?
39
Suppose -3 = -5*q - 5*b + 7, 5*b = -4*q + 7. Suppose -q*f = 4*h - 0*h - 55, -2 = -2*f. Calculate the remainder when 62 is divided by h.
10
Let z be 0 + -1 + (-184)/(-8). Let l = z + -19. Suppose -l*d + 32 = 2. Calculate the remainder when 37 is divided by d.
7
Suppose 3*f - 17 = -5. Suppose -8 = -f*z +